 p be b(-1). What is the units digit of -6*(p + -2 - 0)?
6
Let r(g) be the second derivative of g**4/4 - g**3/3 - 16*g**2 + 38*g. What is the tens digit of r(8)?
4
Suppose -3*i + l + 341 = 3*l, 5*l - 131 = -i. What is the hundreds digit of i?
1
Let a = 595 - 334. What is the units digit of a?
1
Let k be 1/2*(-3 + 75). Suppose 6 - k = 5*n. What is the tens digit of 1*44/(-8)*n?
3
Let w = -420 - -672. What is the tens digit of w?
5
Suppose 3532 = 2*a - 4108. What is the hundreds digit of a?
8
Let v be -4 - -10 - 2*2. What is the units digit of (335/(-10) - v)*-2*1?
1
Suppose 0 = 5*l + 4*x - 6700, 19*l - x = 16*l + 4003. What is the units digit of l?
6
Suppose 3*g - w - 77 = 0, 2*w + 2*w = -8. Let q = -18 + g. What is the units digit of q?
7
Let w(b) = 18*b + 6. Let c(l) = 17*l + 6. Let u(n) = 5*c(n) - 4*w(n). Let r be u(-3). Let h = -30 - r. What is the units digit of h?
3
Suppose 2*k + 5*y = 15, 13 = 2*k + y + 2. Let s be (2 - 1)/((-8)/(-248)). Suppose 8*d - 3*d = -k, 4*z + 5*d = s. What is the units digit of z?
9
Suppose 13*i - 14*i = 0. Suppose 6*k = -i*k + 180. What is the tens digit of k?
3
Let n(u) = -2*u + 24. Let l be n(10). Let w be (-4)/(-18) + (-488)/(-72). Suppose -w*j + 45 = -l*j. What is the units digit of j?
5
Let p be (-8)/4 - 88/(-2). Suppose 0 = -p*w + 41*w + 115. What is the hundreds digit of w?
1
Let v be 5/(-4)*(2 + -6). Suppose 0 = -10*p + v*p + 180. Suppose 0 = 5*j - j - p. What is the units digit of j?
9
Let m = 47 - -614. What is the units digit of m?
1
Let t(d) = 0 - d - 4 + 1 + 0*d. Let v be t(-8). Suppose 81 = v*s - 3*z, 10 + 5 = 5*z. What is the units digit of s?
8
Let q(p) = -p**3 - 14*p**2 - 12*p + 16. Let d be q(-13). Suppose -1 + d = y. Suppose -2*g = -g - 5*x - 17, -4*x - 40 = -y*g. What is the tens digit of g?
2
Let v(n) = -n**2 + 32*n + 12. Let o be v(14). Suppose 4*j - o = -4*k - 0*j, k - 58 = -5*j. What is the tens digit of 3 - k/8*-4?
3
Suppose -3*z = -1027 - 4025. What is the thousands digit of z?
1
Suppose 0 = -3*i + 2044 - 574. What is the units digit of i?
0
Let m be 877/(-5) + (-6)/(-15). Let s = -95 - m. Suppose 0 = -5*n + 15, a - s = -a - 4*n. What is the tens digit of a?
3
Let p(v) = 1796*v**2 + 6*v + 4. What is the hundreds digit of p(-1)?
7
Let r = -389 + 276. Let c = r + 27. Let u = -60 - c. What is the tens digit of u?
2
Suppose -4 = 4*b - 12. Suppose -b*i + 283 = -5*m, 5*m = -3*i + m + 367. What is the tens digit of i?
2
Let d(z) = -z**3 + 3*z**2 + 5*z - 12. Let p be (-165)/44 + 5/(-4). What is the hundreds digit of d(p)?
1
Let y be ((-32)/(-80))/((-1)/15). Let m = 41 + y. What is the tens digit of m?
3
Let z = -68 - -1025. What is the units digit of z?
7
Suppose -619 - 303 = -x + 3*t, 0 = 4*x - 4*t - 3720. What is the units digit of x?
4
Suppose 0*o + 2*o + 1 = -g, 0 = 3*g - o - 11. Suppose 0 = -s + 2*s + 2*u - 11, -2*s + 3*u + 29 = 0. Suppose -g*x = -11 - s. What is the units digit of x?
8
Suppose 0 = z - 4*z + 147. Suppose 2*p + 45 = z. What is the tens digit of (648/(-126))/(p/(-14))?
3
Suppose -3*r = -5*n - 63, 0*r = -4*n + 4*r - 52. What is the hundreds digit of ((-861)/(-6))/(-7)*n?
2
Let g(q) = -9*q + 389. What is the units digit of g(0)?
9
Let m(j) = -j**3 + 7*j**2 + 5*j - 8. Let n be m(-6). Suppose i + n = 6*i. What is the tens digit of i?
8
Suppose n + 5761 = b + 1145, -5*b - 3*n = -23040. What is the units digit of b?
1
Suppose q = -5*n + 185, -2*n + n + 5*q + 63 = 0. Let x = n + -1. What is the units digit of x?
7
Let r(s) = s**3 - 2*s**2 - 7*s + 78. What is the hundreds digit of r(12)?
4
Suppose -12*g - 1611 = -k - 9*g, -4*k + 6444 = 2*g. What is the units digit of k?
1
What is the tens digit of (-7)/14 + 6 + 24834/12?
7
Let w be 4/(-3) - 76/(-3). Suppose -a = 3*a + w. What is the tens digit of 420/(-5)*a/8?
6
Suppose 0 = -11*y - 11 + 55. Suppose 0 = 8*j - 3*j. Suppose -y*k + 3*k + 14 = j. What is the units digit of k?
4
Let u(n) = 6*n + 21. Suppose 0 = -3*d - 3*l + 43 - 10, -5*l + 46 = 4*d. What is the tens digit of u(d)?
7
Let i = 13 + -19. What is the tens digit of (-54)/i - -1*2?
1
Let x = -119 + 147. Suppose 34*d - 702 = x*d. What is the units digit of d?
7
Let y = -458 + 798. What is the hundreds digit of y?
3
Suppose -3*t + 9012 - 2991 = 5*m, 5*m = t - 2007. What is the hundreds digit of t?
0
Suppose z + 4*t + 10 = -7, -3*t - 24 = -3*z. Suppose 0*u = z*u. Suppose -s + 12 + 12 = u. What is the units digit of s?
4
Let o be 0/2*(-4)/4. Let c be (0 + 1)/((-2)/(-136)). Suppose 0 = -o*v + 4*v - c. What is the units digit of v?
7
Let t = -67 - -71. Suppose t*y + y - 345 = -2*j, y - 333 = -2*j. What is the hundreds digit of j?
1
Let q(b) = b**3 + b. Let c = 37 - 35. What is the tens digit of q(c)?
1
Let u(z) = 1239*z + 13. What is the thousands digit of u(1)?
1
Let a(g) = 2*g**3 - 6*g**2 + 7*g - 4. Let c be a(4). Let p be ((2 - -1)/(-9))/(3/9). What is the tens digit of p*c/(-6)*3?
2
Let m be (4/6)/((-3)/9). Let x be (m/(-4))/(3/30). Let p(w) = 5*w + 4. What is the tens digit of p(x)?
2
Suppose 5*n - 14 = -4. Let m be (-2 - 0)*1 - -3. Suppose 21 = n*h - m. What is the tens digit of h?
1
Let c = 355 - 309. What is the tens digit of c?
4
Let q(j) = -j**3 + 9*j**2 - j - 9. Let o be (4/(-6))/((-15)/9)*20. What is the tens digit of q(o)?
4
Let y = 29 - 24. Suppose 3*w - 36 = -5*m, -y*m - 60 = -5*w - 3*m. What is the tens digit of -13*8/w*-3?
2
Suppose -9 - 3 = -2*f. Suppose -f*o + 22 + 8 = 0. What is the units digit of o?
5
Suppose -5770 = -25*m + 8505. What is the units digit of m?
1
Suppose 0 = 5*s + 5*b - 1070, 8 = -b + 7. What is the tens digit of s?
1
Suppose -5*w = -5*h + 40, 4*h = 5*w - 2*w + 27. Suppose h*g = -21 + 3. What is the tens digit of 1*(-3)/g*38?
1
Let a be ((-2)/(-3))/(14/189). What is the units digit of (3/a)/((-11)/(-2871))?
7
Let c = 30 - 20. What is the units digit of 42/c + (-6)/30?
4
Let p(h) = 3*h**2 + 9*h + 52. What is the units digit of p(-13)?
2
Suppose 20 = 5*t - 0, 0 = -v + 2*t - 3. Suppose -3*a + 85 = -i, 113 = v*a - a - i. Let q = 4 + a. What is the tens digit of q?
3
Suppose 56*m - 61*m = -6840. What is the thousands digit of m?
1
Suppose l + 10 = -l, -5*t + 570 = -3*l. What is the hundreds digit of (18 - 19) + t/1?
1
Let u(l) = 6*l**2 - 6*l + 4. What is the units digit of u(-4)?
4
What is the hundreds digit of (-3)/2*(-30992)/52?
8
Let o(v) = v**2 + 9*v - 16. Let w(g) = -g**2 - 11. Let i be w(0). Let a be o(i). What is the tens digit of ((-6)/a)/((-1)/62)?
6
Let l(i) = -2*i - 3. Let c = 30 - 37. What is the tens digit of l(c)?
1
Suppose -2*z - 2*g + 1206 = 0, 6*g - 7*g = -5. What is the tens digit of z?
9
Let m be (-8)/2 - (-6 - 64). Suppose -3*x + 6*x - 3*d = 198, -x + m = 4*d. What is the tens digit of x?
6
Let c = 170 - 180. What is the tens digit of 3 - (-5)/(c/(-202))?
0
Let c = 5 - -22. Suppose c = -4*d + 123. Let v = d + -9. What is the units digit of v?
5
Suppose -2*c = 50*s - 47*s - 1510, 3*c = 5*s + 2265. What is the tens digit of c?
5
Let b(s) = 16*s + 0 + 0 + 2. Let p(a) = -a**2 - 11*a + 13. Let o be p(-12). What is the units digit of b(o)?
8
Suppose -2*d + 5*q + 0*q + 1 = 0, -5*d = -q - 14. Suppose -6*u + d*u - 75 = 0. What is the units digit of 0 - ((u - 0) + -2)?
7
Let x(n) = 3*n**2 + n. Let c be x(-1). Let a be 9/c*(-8)/(-12). What is the units digit of (0 - -2) + (a - -11)?
6
Suppose 1991*j = 1998*j - 14077. What is the tens digit of j?
1
Suppose -5*w + 25 = 0, -3*w = -18*d + 21*d - 5193. What is the units digit of d?
6
Let d(b) = -827*b - 47. What is the units digit of d(-4)?
1
Suppose -17*v + u + 3721 = -14*v, 3*v + 5*u = 3697. What is the hundreds digit of v?
2
Let s = 12 + -10. Suppose s*t + i - 38 - 47 = 0, -4*t = -5*i - 135. What is the tens digit of t?
4
Suppose 5*s = -5*j - 120, 5*s = -j - 84 - 56. Let g = s - -57. What is the units digit of g?
8
Let m(s) = -s**3 + s - 2. Let z be m(-2). Suppose -2*i + 33 = -3*u, z = -4*u + 24. Let b = 27 - i. What is the units digit of b?
3
Suppose 6*s - 8*s = -230. Suppose p - s = -13. What is the hundreds digit of p?
1
What is the units digit of -4778*21/(-14)*1/3?
9
Let z(u) = 5*u**3 - u**2 + u + 3. Let w be z(2). Let x = 51 - w. What is the units digit of x?
0
Let t(i) = -i**3 - 5*i**2 - i + 4. Let k be t(-3). Let r(b) = b**2 + 12*b + 14. Let s be r(k). Suppose s*o - 13 = 20. What is 